{"id":36,"date":"2019-12-16T19:38:26","date_gmt":"2019-12-16T19:38:26","guid":{"rendered":"http:\/\/wegzuzweit.de\/?page_id=36"},"modified":"2025-09-03T14:23:46","modified_gmt":"2025-09-03T14:23:46","slug":"kontakt","status":"publish","type":"page","link":"http:\/\/wegzuzweit.de\/?page_id=36","title":{"rendered":"Kontakt"},"content":{"rendered":"\n<p class=\"has-text-align-center\">Partnervermittlung WegzuZweit<br>Linnerijstra\u00dfe 1<br>53902 Bad M\u00fcnstereifel<br>Mobile: (0170) 75 75 379<\/p>\n\n\n\n<p class=\"has-text-align-center\">email: <a href=\"mailto:office@wegzuzweit.de\">office@wegzuzweit.de<\/a><br>Internet: <a href=\"http:\/\/www.wegzuzweit.de\">www.wegzuzweit.de<\/a><\/p>\n\n\n\n<p class=\"has-text-align-left\"><strong>Hinterlassen Sie eine Nachricht:<\/strong><\/p>\n\n\n\n<div class=\"wp-block-contact-form-7-contact-form-selector\">\n<div class=\"wpcf7 no-js\" id=\"wpcf7-f266-o1\" lang=\"de-DE\" dir=\"ltr\">\n<div class=\"screen-reader-response\"><p role=\"status\" aria-live=\"polite\" aria-atomic=\"true\"><\/p> <ul><\/ul><\/div>\n<form action=\"\/index.php?rest_route=%2Fwp%2Fv2%2Fpages%2F36#wpcf7-f266-o1\" method=\"post\" class=\"wpcf7-form init\" aria-label=\"Kontaktformular\" novalidate=\"novalidate\" data-status=\"init\">\n<div style=\"display: none;\">\n<input type=\"hidden\" name=\"_wpcf7\" value=\"266\" \/>\n<input type=\"hidden\" name=\"_wpcf7_version\" value=\"5.8.5\" \/>\n<input type=\"hidden\" name=\"_wpcf7_locale\" value=\"de_DE\" \/>\n<input type=\"hidden\" name=\"_wpcf7_unit_tag\" value=\"wpcf7-f266-o1\" \/>\n<input type=\"hidden\" name=\"_wpcf7_container_post\" value=\"0\" \/>\n<input type=\"hidden\" name=\"_wpcf7_posted_data_hash\" value=\"\" \/>\n<\/div>\n<p><label> Ihr Name (Pflichtfeld)<br \/>\n<span class=\"wpcf7-form-control-wrap\" data-name=\"your-name\"><input size=\"40\" class=\"wpcf7-form-control wpcf7-text wpcf7-validates-as-required\" aria-required=\"true\" aria-invalid=\"false\" value=\"\" type=\"text\" name=\"your-name\" \/><\/span> <\/label>\n<\/p>\n<p><label> Ihre E-Mail-Adresse (Pflichtfeld)<br \/>\n<span class=\"wpcf7-form-control-wrap\" data-name=\"your-email\"><input size=\"40\" class=\"wpcf7-form-control wpcf7-email wpcf7-validates-as-required wpcf7-text wpcf7-validates-as-email\" aria-required=\"true\" aria-invalid=\"false\" value=\"\" type=\"email\" name=\"your-email\" \/><\/span> <\/label>\n<\/p>\n<p><label> Ihre Telefonnummer<br \/>\n<span class=\"wpcf7-form-control-wrap\" data-name=\"your-phonenumber\"><input size=\"40\" class=\"wpcf7-form-control wpcf7-text\" aria-invalid=\"false\" value=\"\" type=\"text\" name=\"your-phonenumber\" \/><\/span> <\/label>\n<\/p>\n<p><label> Betreff<br \/>\n<span class=\"wpcf7-form-control-wrap\" data-name=\"your-subject\"><input size=\"40\" class=\"wpcf7-form-control wpcf7-text\" aria-invalid=\"false\" value=\"\" type=\"text\" name=\"your-subject\" \/><\/span> <\/label>\n<\/p>\n<p><label> Ihre Nachricht<br \/>\n<span class=\"wpcf7-form-control-wrap\" data-name=\"your-message\"><textarea cols=\"40\" rows=\"10\" class=\"wpcf7-form-control wpcf7-textarea\" aria-invalid=\"false\" name=\"your-message\"><\/textarea><\/span> <\/label>\n<\/p>\n<p><span id=\"wpcf7-6a020c7130763-wrapper\" class=\"wpcf7-form-control-wrap honeypot-887-wrap\" style=\"display:none !important; visibility:hidden !important;\"><label for=\"wpcf7-6a020c7130763-field\" class=\"hp-message\">Bitte lasse dieses Feld leer.<\/label><input id=\"wpcf7-6a020c7130763-field\"  class=\"wpcf7-form-control wpcf7-text\" type=\"text\" name=\"honeypot-887\" value=\"\" size=\"40\" tabindex=\"-1\" autocomplete=\"new-password\" \/><\/span>\n<\/p>\n<p><input class=\"wpcf7-form-control wpcf7-submit has-spinner\" type=\"submit\" value=\"Senden\" \/>\n<\/p><div class=\"wpcf7-response-output\" aria-hidden=\"true\"><\/div>\n<\/form>\n<\/div>\n<\/div>\n\n\n<p style=\"text-align: center;\"><iframe loading=\"lazy\" style=\"border: 0;\" src=\"https:\/\/www.google.com\/maps\/embed?pb=!1m14!1m8!1m3!1d3184.6471187402535!2d6.75431!3d50.56175!3m2!1i1024!2i768!4f13.1!3m3!1m2!1s0x47bf08d3fd189313%3A0x67366619d8507f08!2sLinnerijstra%C3%9Fe%201%2C%2053902%20Bad%20M%C3%BCnstereifel!5e1!3m2!1sde!2sde!4v1577273108195!5m2!1sde!2sde\" allowfullscreen=\"allowfullscreen\" width=\"800\" height=\"600\" frameborder=\"0\"><\/iframe><\/p>\n\n\n<p><\/p>\n\n\n\n<p class=\"has-text-align-center\">Damit Sie sich besser zurechtfinden, ein paar Bilder der  Linnerijstra\u00dfe, bzw. dem Zugang zu unserer Partnervermittlung. Bitte das Gel\u00e4nde selber nicht befahren, sondern den unterhalb liegenden Parkplatz benutzen. Vielen Dank!<\/p>\n\n\n<div class=\"wp-block-image\">\n<figure class=\"aligncenter size-large\"><img decoding=\"async\" loading=\"lazy\" width=\"800\" height=\"450\" src=\"http:\/\/wegzuzweit.de\/wp-content\/uploads\/2020\/02\/eingang.jpg\" alt=\"\" class=\"wp-image-555\" srcset=\"http:\/\/wegzuzweit.de\/wp-content\/uploads\/2020\/02\/eingang.jpg 800w, http:\/\/wegzuzweit.de\/wp-content\/uploads\/2020\/02\/eingang-300x169.jpg 300w, http:\/\/wegzuzweit.de\/wp-content\/uploads\/2020\/02\/eingang-768x432.jpg 768w\" sizes=\"(max-width: 800px) 100vw, 800px\" \/><\/figure><\/div>\n\n\n<p><\/p>\n\n\n<div class=\"wp-block-image\">\n<figure class=\"aligncenter size-large\"><img decoding=\"async\" loading=\"lazy\" width=\"800\" height=\"450\" src=\"http:\/\/wegzuzweit.de\/wp-content\/uploads\/2020\/02\/tor.jpg\" alt=\"\" class=\"wp-image-556\" srcset=\"http:\/\/wegzuzweit.de\/wp-content\/uploads\/2020\/02\/tor.jpg 800w, http:\/\/wegzuzweit.de\/wp-content\/uploads\/2020\/02\/tor-300x169.jpg 300w, http:\/\/wegzuzweit.de\/wp-content\/uploads\/2020\/02\/tor-768x432.jpg 768w\" sizes=\"(max-width: 800px) 100vw, 800px\" \/><\/figure><\/div>\n\n\n<p><\/p>\n\n\n<div class=\"wp-block-image\">\n<figure class=\"aligncenter size-large\"><img decoding=\"async\" loading=\"lazy\" width=\"800\" height=\"450\" src=\"http:\/\/wegzuzweit.de\/wp-content\/uploads\/2020\/02\/aufgang.jpg\" alt=\"\" class=\"wp-image-557\" srcset=\"http:\/\/wegzuzweit.de\/wp-content\/uploads\/2020\/02\/aufgang.jpg 800w, http:\/\/wegzuzweit.de\/wp-content\/uploads\/2020\/02\/aufgang-300x169.jpg 300w, http:\/\/wegzuzweit.de\/wp-content\/uploads\/2020\/02\/aufgang-768x432.jpg 768w\" sizes=\"(max-width: 800px) 100vw, 800px\" \/><\/figure><\/div>\n\n\n<p><\/p>\n\n\n\n<p class=\"has-text-align-center\" style=\"font-size:33px\"><strong>Impressum<\/strong><\/p>\n\n\n\n<p class=\"has-text-align-center\">Ansprechpartner:<\/p>\n\n\n\n<p class=\"has-text-align-center\">Harald Dey<br>Linnerijstra\u00dfe 1<br>53902 Bad M\u00fcnstereifel <\/p>\n\n\n\n<p class=\"has-text-align-center\">Inhaberin:<\/p>\n\n\n\n<p class=\"has-text-align-center\">Sirim Numthong<br>Linnerijstra\u00dfe 1<br>53902 Bad M\u00fcnstereifel<\/p>\n\n\n\n<p class=\"has-text-align-center\"><strong>Angaben gem\u00e4\u00df \u00a7 5 Telemediengesetz (TMG):<\/strong><\/p>\n\n\n\n<p class=\"has-text-align-center\">Sirim Numthong<br>Linnerijstra\u00dfe 1<br>53902 Bad M\u00fcnstereifel<\/p>\n\n\n\n<p class=\"has-text-align-center\">Mobile: (0170) 75 75 379<\/p>\n\n\n\n<p class=\"has-text-align-center\"><a href=\"mailto:info@wegzuzweit.de\">info@wegzuzweit.de<\/a><\/p>\n\n\n\n<p class=\"has-text-align-center\"><strong>Umsatzsteuer-Identifikationsnummer:<\/strong><\/p>\n\n\n\n<p class=\"has-text-align-center\">Umsatzsteuer-Identifikationsnummer gem\u00e4\u00df \u00a7 27 a Umsatzsteuergesetz (UStG): DE58379084217<\/p>\n\n\n\n<p class=\"has-text-align-center\">Steuernummer: 209\/5100\/4206<\/p>\n\n\n\n<p class=\"has-text-align-center\"><strong>Verantwortlicher f\u00fcr den Inhalt ist gem\u00e4\u00df \u00a7 55 Abs. 2 RStV:<\/strong><\/p>\n\n\n\n<p class=\"has-text-align-center\">Sirim Numthong<br>Linnerijstra\u00dfe 1<br>53902 Bad M\u00fcnstereifel<\/p>\n\n\n\n<p class=\"has-text-align-center\"><strong>Ausschluss der Haftung:<\/strong><\/p>\n\n\n\n<p class=\"has-text-align-center\"><strong>1. Haftung f\u00fcr Inhalte<\/strong><\/p>\n\n\n\n<p class=\"has-text-align-center\">S\u00e4mtliche Inhalte unserer Internetseiten sind mit gr\u00f6\u00dftm\u00f6glicher \nSorgfalt erstellt worden. Dennoch ist es uns nicht m\u00f6glich, eine Gew\u00e4hr \ndaf\u00fcr zu \u00fcbernehmen, dass diese Inhalte richtig, vollst\u00e4ndig und aktuell\n sind. Wir sind gem\u00e4\u00df \u00a7 7 Abs. 1 TMG f\u00fcr die eigenen Inhalte auf unseren\n Internetseiten verantwortlich. Gem\u00e4\u00df den \u00a7\u00a7 8, 9 und 10 TMG besteht f\u00fcr\n uns allerdings keine Verpflichtung, dass wir Informationen von Dritten,\n die \u00fcbermittelt oder gespeichert wurden, \u00fcberwachen oder Umst\u00e4nde \nausforschen m\u00fcssten, die Hinweise auf nicht rechtm\u00e4\u00dfige T\u00e4tigkeiten \nergeben. Davon nicht ber\u00fchrt, ist unsere Verpflichtung zur Sperrung oder\n Entfernung von Informationen, welche uns von den allgemeinen Gesetzen \nauferlegt wird. Wir haften allerdings insoweit erst in dem Moment, in \ndem wir von einer konkreten Verletzung von Rechten Kenntnis erlangen. \nWenn wir von einer solchen Verletzung von Rechten Kenntnis erlangen, \nwird eine unverz\u00fcgliche Entfernung der entsprechenden Inhalte erfolgen.<\/p>\n\n\n\n<p class=\"has-text-align-center\"><strong>2. Haftung f\u00fcr Links<\/strong><\/p>\n\n\n\n<p class=\"has-text-align-center\">Unsere Internetseiten enthalten Links, die zu externen Internetseiten\n von Dritten f\u00fchren. Auf die Inhalte dieser externen Seiten haben wir \nkeine Einflussm\u00f6glichkeiten. Es ist uns daher nicht m\u00f6glich, eine Gew\u00e4hr\n f\u00fcr diese Inhalte zu \u00fcbernehmen. Die Verantwortung daf\u00fcr hat immer der \njeweilige Anbieter\/Betreiber der entsprechenden Internetseiten. Wir \n\u00fcberpr\u00fcfen die von uns verlinkten Internetseiten zum Zeitpunkt der \nVerlinkung auf einen m\u00f6glichen Rechtsversto\u00df. Die Verlinkung kommt nur \ndann zustande, wenn ein rechtswidriger Inhalt zu diesem Zeitpunkt nicht \nerkennbar ist. Es kann uns jedoch, ohne einen konkreten Anhaltspunkt, \nnicht zugemutet werden, st\u00e4ndig die verlinkten Internetseiten inhaltlich\n zu kontrollieren. Wenn wir jedoch von einer Rechtsverletzung Kenntnis \nerlangen, werden wir den entsprechenden Link unverz\u00fcglich entfernen.<\/p>\n\n\n\n<p class=\"has-text-align-center\"><strong>3. Urheberrecht<\/strong><\/p>\n\n\n\n<p class=\"has-text-align-center\">Die auf unseren Internetseiten enthaltenen Werke und Inhalte \nunterstehen dem Urheberrecht. Ohne schriftliche Genehmigung des \njeweiligen Erstellers oder Autors d\u00fcrfen die Werke bzw. Inhalte nicht \nvervielf\u00e4ltigt, bearbeitet, verbreitet und verwertet werden. Das \nHerunterladen und Kopieren unserer Internetseite ist f\u00fcr den privaten \nGebrauch erlaubt, nicht jedoch f\u00fcr den kommerziellen. Wir weisen darauf \nhin, dass hinsichtlich der Inhalte auf unserer Internetseite, soweit sie\n nicht von uns erstellt worden sind, das Urheberrecht von Dritten \nbeachtet wurde. Inhalte von Dritten erhalten als solche eine \nKennzeichnung von uns. Wir w\u00e4ren Ihnen dankbar, wenn Sie uns einen \nHinweis erteilen w\u00fcrden, falls Sie trotzdem auf eine \nUrheberrechtsverletzung gesto\u00dfen sind. Wenn wir von einer solchen \nUrheberrechtsverletzung Kenntnis erlangen, werden wir den entsprechenden\n Inhalt unverz\u00fcglich entfernen.<\/p>\n\n\n\n<p class=\"has-text-align-center\"><strong>4. Datenschutz<\/strong><\/p>\n\n\n\n<p class=\"has-text-align-center\">Unsere Internetseite kann regelm\u00e4\u00dfig ohne die Angabe von \npersonenbezogenen Daten genutzt werden. Falls solche Daten (z.B. Name, \nAdresse oder E-Mail) doch erhoben werden sollten, geschieht das, \nweitestgehend m\u00f6glich, freiwillig. Eine Weitergabe dieser Daten darf nur\n dann erfolgen, wenn Sie ausdr\u00fccklich zustimmen.<\/p>\n\n\n\n<p class=\"has-text-align-center\">Die \u00dcbertragung von Daten im Internet kann Sicherheitsl\u00fccken \nbeinhalten. Es ist daher m\u00f6glich, dass Dritte Zugriff auf diese Daten \nerlangen. Ein l\u00fcckenloser Schutz ist nicht m\u00f6glich.<\/p>\n\n\n\n<p class=\"has-text-align-center\">Wir widersprechen an dieser Stelle der Nutzung unserer Kontaktdaten, \ndie wir im Impressum ver\u00f6ffentlicht haben, durch Dritte, die uns damit \nnicht verlangte Werbung\/Informationsmaterial\/Spam-Mails zukommen lassen \noder zukommen lassen wollen. Sollte dies doch geschehen, behalten wir \nuns rechtliche Schritte dagegen vor.<\/p>\n\n\n\n<p class=\"has-text-align-center\"><strong>Muster-Impressum von der Flegl Rechtsanw\u00e4lte GmbH<\/strong><\/p>\n\n\n\n<p class=\"has-text-align-center\">Headerimage mit freundlicher Unterst\u00fctzung <em>von<\/em> <em>Userin Nile \u00fcber&nbsp;<a href=\"https:\/\/pixabay.com\/\">Pixabay<\/a><\/em><\/p>\n\n\n\n<p><\/p>\n","protected":false},"excerpt":{"rendered":"<p>Partnervermittlung WegzuZweitLinnerijstra\u00dfe 153902 Bad M\u00fcnstereifelMobile: (0170) 75 75 379 email: office@wegzuzweit.deInternet: www.wegzuzweit.de Hinterlassen Sie eine Nachricht: Damit Sie sich besser zurechtfinden, ein paar Bilder der Linnerijstra\u00dfe, bzw. dem Zugang zu unserer Partnervermittlung. Bitte das Gel\u00e4nde selber nicht befahren, sondern den unterhalb liegenden Parkplatz benutzen. Vielen Dank! Impressum Ansprechpartner: Harald DeyLinnerijstra\u00dfe 153902 Bad M\u00fcnstereifel Inhaberin: Sirim [&hellip;]<\/p>\n","protected":false},"author":1,"featured_media":0,"parent":0,"menu_order":0,"comment_status":"closed","ping_status":"closed","template":"","meta":[],"_links":{"self":[{"href":"http:\/\/wegzuzweit.de\/index.php?rest_route=\/wp\/v2\/pages\/36"}],"collection":[{"href":"http:\/\/wegzuzweit.de\/index.php?rest_route=\/wp\/v2\/pages"}],"about":[{"href":"http:\/\/wegzuzweit.de\/index.php?rest_route=\/wp\/v2\/types\/page"}],"author":[{"embeddable":true,"href":"http:\/\/wegzuzweit.de\/index.php?rest_route=\/wp\/v2\/users\/1"}],"replies":[{"embeddable":true,"href":"http:\/\/wegzuzweit.de\/index.php?rest_route=%2Fwp%2Fv2%2Fcomments&post=36"}],"version-history":[{"count":27,"href":"http:\/\/wegzuzweit.de\/index.php?rest_route=\/wp\/v2\/pages\/36\/revisions"}],"predecessor-version":[{"id":2863,"href":"http:\/\/wegzuzweit.de\/index.php?rest_route=\/wp\/v2\/pages\/36\/revisions\/2863"}],"wp:attachment":[{"href":"http:\/\/wegzuzweit.de\/index.php?rest_route=%2Fwp%2Fv2%2Fmedia&parent=36"}],"curies":[{"name":"wp","href":"https:\/\/api.w.org\/{rel}","templated":true}]}}